= k - s - 385. Suppose -5*r + 432 = 22*r. Calculate the remainder when k is divided by r.
15
Let l be (-4)/(24/(-27))*18. Suppose -2*v + 86 = x, v = -2*x + 88 + l. Let i = 130 - x. Calculate the remainder when 91 is divided by i.
45
Suppose 64 = -4*z + 6*z - 3*o, -3*z + 81 = 3*o. Let v = 114 + -68. Suppose -3*d = 2*c - z, -4*c - 4*d = -2*d - v. What is the remainder when 29 is divided by c?
9
What is the remainder when (588/(-105))/(12/(-2190)) is divided by 330?
32
Suppose -2*h - 5 = 3*k - 6*k, 5*h + 26 = 3*k. Let x = h - -32. Suppose -68*g - 9 = -69*g. What is the remainder when x is divided by g?
7
Let j(s) = 17*s**2 + 8*s - 10. Let l(f) = 51*f**2 + 23*f - 28. Let z(q) = -11*j(q) + 4*l(q). Calculate the remainder when 94 is divided by z(1).
18
Suppose 3*i - 2*x - 12 - 34 = 0, 0 = i + x - 22. Let w = -163 - -267. What is the remainder when w is divided by i?
14
Suppose 7*k - 4 = 9*k + 4*m, 3*k - 4 = 4*m. Suppose k = 22*c - 16*c - 24. What is the remainder when 16 is divided by c?
0
Let o(c) = 57*c - 171. Let z be o(4). Let y = -20 + z. What is the remainder when y is divided by 23?
14
Let j(b) = -2*b**3 + 19*b**2 - 6*b - 24. Let v be j(9). Suppose 112 = 5*x - v*u - 26, 0 = -4*x - 5*u + 140. Calculate the remainder when 139 is divided by x.
19
Suppose -3*r = -3*j - j + 222, -4*r + 46 = j. Suppose -159*w + 158*w = -j. Calculate the remainder when w is divided by 32.
22
Suppose -13 = -p + 4*v, 4*p + 2*v = 27 + 25. What is the remainder when 476 is divided by p?
8
Suppose 2895*w = 2896*w + 2. What is the remainder when 71 is divided by (-37 + w)*(60/(-9) - -6)?
19
Suppose 0 = -3*s + 31 - 4. Calculate the remainder when (74/(-8) + s)/((-1)/604) is divided by 52.
47
Let b = 1249 - 1146. What is the remainder when 1124 is divided by b?
94
What is the remainder when 168974/234 + (220/45 - 5) is divided by 177?
14
Suppose -11*f + 27*f - 155808 = 0. Calculate the remainder when -1 + (-12)/(-16) - f/(-72) is divided by 17.
16
Let t = -4106 - -4429. Calculate the remainder when t is divided by 91.
50
Let q be 8/12*18/4. Let k = 626 - 588. Suppose 7 = q*r - k. What is the remainder when 28 is divided by r?
13
Let v = -3 + 45. Let i = v + -31. Calculate the remainder when 17 is divided by 4/(-6) + i/3.
2
Let b(g) = g + 105. Calculate the remainder when 1325 is divided by b(-73).
13
Suppose 6*p - 475 - 437 = 0. Let a = p - -63. Calculate the remainder when a is divided by 56.
47
Suppose n = -n - 15*n + 884. Calculate the remainder when 410 is divided by n.
46
Let b(i) = i**2 + 0*i - 2*i + 16 + i**2 - 23 + 0*i**2. What is the remainder when 201 is divided by b(-5)?
42
Suppose -58*s - 130 = -68*s. Suppose 0 = -5*m + 2*z - 8, -3*m - 20 = -8*m - 5*z. Suppose 3*p - p - 126 = m. What is the remainder when p is divided by s?
11
Suppose 5*h + 25 - 130 = 0. Suppose 4*v - 23 - h = 0. Suppose 352 = 5*r - 4*b, -r - 6*b = -148 + 30. What is the remainder when r is divided by v?
10
Suppose -5*u = -3*g - 2166, 0 = 4755*u - 4760*u - 4*g + 2152. Calculate the remainder when 873 is divided by u.
9
Let t = -2809 + 1314. Let c = t - -1505. Calculate the remainder when (4 - 0)/(4/34) is divided by c.
4
Suppose 4*v + 2 + 6 = 0. Let c be (3 - 2)*(3 + 4 + v). Calculate the remainder when (-4)/c + (-1122)/(-15) is divided by 19.
17
Suppose -35 = -4*r + 21. Let x(j) = -j**3 + 12*j**2 + 28*j + 13. Suppose -u - 4*u = -155. Calculate the remainder when u is divided by x(r).
5
Let a(l) = -l - 13. Let q be a(-7). Let y be 12/(-7 - -4) - q. Suppose g - r = 16, -y*r - 2*r + 116 = 5*g. What is the remainder when g is divided by 6?
2
Calculate the remainder when 667 is divided by 3/24 - 60/(-320)*58.
7
Suppose 4*c = -5*u + 3580 + 147, -2 = c. What is the remainder when u is divided by 11?
10
Let n be 54/108 - 118/(-4). Suppose -n - 154 = -4*t. Calculate the remainder when 134 is divided by t.
42
Suppose -n - 3*u = -4*u, -4*n + 2*u - 10 = 0. Let v(b) = -9*b - 7. Calculate the remainder when v(n) is divided by -3 - (-24 - -7) - -1.
8
Let k = -9971 + 10037. Let a(x) = -x + 19. What is the remainder when k is divided by a(2)?
15
Let x = 362 + 3. Let l = 561 - x. Calculate the remainder when l is divided by 6.
4
Suppose -27*s = -102 - 357. Calculate the remainder when s is divided by 40/(-60) - (-35)/3.
6
Suppose -15*q + 6*q + 857 = 4*m, -3*m - 2*q = -619. What is the remainder when m is divided by 121?
82
Suppose -36*b + 5*h = -32*b - 1228, 4*h = 3*b - 920. What is the remainder when b is divided by 100?
12
Suppose -622 = -50*b + 1278. Calculate the remainder when 248 is divided by b.
20
Let o(g) = -12*g + 942. What is the remainder when o(-56) is divided by 164?
138
Calculate the remainder when 144 is divided by 50 - -35*(-4)/28.
9
Let z be ((-2)/4)/(2/(-12)). Suppose -n + 5*p + 31 = z*n, 12 = n + 3*p. Let q = -2989 + 2993. Calculate the remainder when n is divided by q.
1
Suppose 0 = -2*y + 2*n + 963 - 227, -1487 = -4*y - n. Suppose 5*s - 130 = -4*q, 0 = 7*s - 2*s - q - 105. What is the remainder when y is divided by s?
19
Let t = -16802 + 16911. What is the remainder when 3154 is divided by t?
102
Suppose 0 = 4*w - 16 - 4. Suppose w*q + 5*j = 60 - 10, 2*j = -q + 13. Calculate the remainder when 14 is divided by q.
0
Suppose 9*q = -143 + 1790. Suppose 35*k - 34*k - q = 0. What is the remainder when k is divided by 29?
9
Suppose -h - 12*h = 26. What is the remainder when 44 + 0 + h + -5 is divided by 11?
4
Let i = 122 - 126. Let j(x) = -7*x + 3. Let v be j(i). Let n = v - 18. Calculate the remainder when 25 is divided by n.
12
Suppose -2*w - a = -199, -17*w = -21*w + 2*a + 370. What is the remainder when w is divided by 34?
28
Suppose -5*d = -2*k - 752, 0*d - 302 = -2*d + 2*k. Let r = -136 + d. What is the remainder when 43 is divided by r?
1
Let j(f) = -f**3 - 10*f**2 + 2*f + 2. Let y = 59 - 69. Let m be j(y). What is the remainder when 250/4 - (-9)/m is divided by 7?
6
Let r = 67 - -372. What is the remainder when r is divided by 150?
139
Let f be (100/(-60))/(1/(-66)). Calculate the remainder when 1 - 36/33 - (-24320)/f is divided by 59.
44
Suppose -8*p - 33 + 233 = 0. Calculate the remainder when 121 is divided by p.
21
Let q = 4 + 6. Let p(t) = 17*t + 20. Let j be p(-1). Suppose -4*w = -y - 19, -j*y + 41 = w + 46. Calculate the remainder when q is divided by w.
2
Let v be 0 + -8 + 5 + 8. Suppose g + 4*n = 26, 0 = -4*g - v*n + 88 - 17. Calculate the remainder when 1468 is divided by g.
12
Let q(u) = -155*u + 2476. What is the remainder when q(6) is divided by 767?
12
Let r(n) = -4*n - 6. Let m be r(-4). Suppose -j + m + 0 = 5*s, 0 = -5*j - 5*s + 70. Calculate the remainder when (-58)/((0 - 4) + 2) is divided by j.
14
Let f(a) = 794 + 13*a - 794. Let w be f(4). Suppose w + 18 = 5*p. What is the remainder when p is divided by 4?
2
Let w = 603 - 609. Calculate the remainder when 11271/78 - 15/w is divided by 20.
7
Let a = 23387 + -23373. What is the remainder when 1455 is divided by a?
13
Suppose -2*l - 2 = 4*b, 2*l + 0*l = -3*b - 4. Suppose -125 = -b*a + 3*a - d, 25 = -5*d. Let c = -56 - a. Calculate the remainder when c is divided by 11.
8
Suppose 4*i + 3*k = 248, 3*i + 0*i = 5*k + 215. Suppose n - i = -4*h - 0*h, -3*h + 4*n + 25 = 0. What is the remainder when 371 is divided by h?
11
Suppose 3*f - 4*h = -7*h + 9, f + 3*h + 3 = 0. Let x(k) = 3*k + 14. Calculate the remainder when x(f) is divided by 23.
9
Suppose -3*t - n = -28, -3*t + 25 = 3*n - 11. Suppose 287 = t*j - 865. Calculate the remainder when j is divided by 39.
27
Let l = 479 - 331. Suppose 3*t - 102 = -j - 2*j, 0 = -4*j - t + l. Suppose 0 = w - 5 - 108. Calculate the remainder when w is divided by j.
37
Let l = 14921 + -13928. Calculate the remainder when l is divided by 41.
9
Suppose -2*l - 83 = -3*p + 198, 4*p = l + 368. Suppose 20 = -9*y + 263. What is the remainder when p is divided by y?
10
Let z(l) = -171*l + 116. What is the remainder when z(0) is divided by 12?
8
Suppose p + 5*b - 16 = 0, b - 10 - 4 = -2*p. Suppose 4*r + h - p = 61, 2*r = 3*h + 37. What is the remainder when 236 is divided by r?
15
Suppose 5*o - 2 = 13. Suppose 432 = 4*b - 5*a + a, -o*b = -5*a - 332. What is the remainder when 201 is divided by b?
97
Let j be 1 + (-4 - (-4 + -3)). Suppose 6 = d - 5*x, j*d - x - 129 = -2*x. What is the remainder when